{"id":4139,"date":"2017-09-29T16:07:07","date_gmt":"2017-09-29T15:07:07","guid":{"rendered":"http:\/\/content.profilmedecin.fr\/?page_id=4139"},"modified":"2017-10-18T17:02:27","modified_gmt":"2017-10-18T16:02:27","slug":"verifiez-reputation-ligne","status":"publish","type":"page","link":"https:\/\/www.profilmedecin.fr\/contenu\/verifiez-reputation-ligne\/","title":{"rendered":"V\u00e9rifiez votre r\u00e9putation en ligne"},"content":{"rendered":"<script type=\"text\/javascript\">\n\/* <![CDATA[ *\/\nvar gform;gform||(document.addEventListener(\"gform_main_scripts_loaded\",function(){gform.scriptsLoaded=!0}),document.addEventListener(\"gform\/theme\/scripts_loaded\",function(){gform.themeScriptsLoaded=!0}),window.addEventListener(\"DOMContentLoaded\",function(){gform.domLoaded=!0}),gform={domLoaded:!1,scriptsLoaded:!1,themeScriptsLoaded:!1,isFormEditor:()=>\"function\"==typeof InitializeEditor,callIfLoaded:function(o){return!(!gform.domLoaded||!gform.scriptsLoaded||!gform.themeScriptsLoaded&&!gform.isFormEditor()||(gform.isFormEditor()&&console.warn(\"The use of gform.initializeOnLoaded() is deprecated in the form editor context and will be removed in Gravity Forms 3.1.\"),o(),0))},initializeOnLoaded:function(o){gform.callIfLoaded(o)||(document.addEventListener(\"gform_main_scripts_loaded\",()=>{gform.scriptsLoaded=!0,gform.callIfLoaded(o)}),document.addEventListener(\"gform\/theme\/scripts_loaded\",()=>{gform.themeScriptsLoaded=!0,gform.callIfLoaded(o)}),window.addEventListener(\"DOMContentLoaded\",()=>{gform.domLoaded=!0,gform.callIfLoaded(o)}))},hooks:{action:{},filter:{}},addAction:function(o,r,e,t){gform.addHook(\"action\",o,r,e,t)},addFilter:function(o,r,e,t){gform.addHook(\"filter\",o,r,e,t)},doAction:function(o){gform.doHook(\"action\",o,arguments)},applyFilters:function(o){return gform.doHook(\"filter\",o,arguments)},removeAction:function(o,r){gform.removeHook(\"action\",o,r)},removeFilter:function(o,r,e){gform.removeHook(\"filter\",o,r,e)},addHook:function(o,r,e,t,n){null==gform.hooks[o][r]&&(gform.hooks[o][r]=[]);var d=gform.hooks[o][r];null==n&&(n=r+\"_\"+d.length),gform.hooks[o][r].push({tag:n,callable:e,priority:t=null==t?10:t})},doHook:function(r,o,e){var t;if(e=Array.prototype.slice.call(e,1),null!=gform.hooks[r][o]&&((o=gform.hooks[r][o]).sort(function(o,r){return o.priority-r.priority}),o.forEach(function(o){\"function\"!=typeof(t=o.callable)&&(t=window[t]),\"action\"==r?t.apply(null,e):e[0]=t.apply(null,e)})),\"filter\"==r)return e[0]},removeHook:function(o,r,t,n){var e;null!=gform.hooks[o][r]&&(e=(e=gform.hooks[o][r]).filter(function(o,r,e){return!!(null!=n&&n!=o.tag||null!=t&&t!=o.priority)}),gform.hooks[o][r]=e)}});\n\/* ]]> *\/\n<\/script>\n\n                <div class='gf_browser_gecko gform_wrapper gform_legacy_markup_wrapper gform-theme--no-framework' data-form-theme='legacy' data-form-index='0' id='gform_wrapper_1' >\n                        <div class='gform_heading'>\n                            <p class='gform_description'><\/p>\n                        <\/div><form method='post' enctype='multipart\/form-data'  id='gform_1'  action='\/wp-json\/wp\/v2\/pages\/4139' data-formid='1' novalidate>\n                        <div class='gform-body gform_body'><ul id='gform_fields_1' class='gform_fields top_label form_sublabel_below description_below validation_below'><li id=\"field_1_1\" class=\"gfield gfield--type-text gfield_contains_required field_sublabel_below gfield--no-description field_description_below field_validation_below gfield_visibility_visible\"  ><label class='gfield_label gform-field-label' for='input_1_1'>Nom<span class=\"gfield_required\"><span class=\"gfield_required gfield_required_asterisk\">*<\/span><\/span><\/label><div class='ginput_container ginput_container_text'><input name='input_1' id='input_1_1' type='text' value='' class='medium'     aria-required=\"true\" aria-invalid=\"false\"   \/><\/div><\/li><li id=\"field_1_2\" class=\"gfield gfield--type-text gfield_contains_required field_sublabel_below gfield--no-description field_description_below field_validation_below gfield_visibility_visible\"  ><label class='gfield_label gform-field-label' for='input_1_2'>Pr\u00e9nom<span class=\"gfield_required\"><span class=\"gfield_required gfield_required_asterisk\">*<\/span><\/span><\/label><div class='ginput_container ginput_container_text'><input name='input_2' id='input_1_2' type='text' value='' class='medium'     aria-required=\"true\" aria-invalid=\"false\"   \/><\/div><\/li><li id=\"field_1_6\" class=\"gfield gfield--type-email gfield_contains_required field_sublabel_below gfield--has-description field_description_below field_validation_below gfield_visibility_visible\"  ><label class='gfield_label gform-field-label' for='input_1_6'>E-mail<span class=\"gfield_required\"><span class=\"gfield_required gfield_required_asterisk\">*<\/span><\/span><\/label><div class='ginput_container ginput_container_email'>\n                            <input name='input_6' id='input_1_6' type='email' value='' class='medium'    aria-required=\"true\" aria-invalid=\"false\" aria-describedby=\"gfield_description_1_6\" \/>\n                        <\/div><div class='gfield_description' id='gfield_description_1_6'>Pour recevoir vos liens de v\u00e9rifications de votre r\u00e9putation en ligne<\/div><\/li><li id=\"field_1_4\" class=\"gfield gfield--type-website field_sublabel_below gfield--no-description field_description_below field_validation_below gfield_visibility_visible\"  ><label class='gfield_label gform-field-label' for='input_1_4'>Site Web<\/label><div class='ginput_container ginput_container_website'>\n                    <input name='input_4' id='input_1_4' type='url' value='' class='medium'    placeholder='http:\/\/'  aria-invalid=\"false\" \/>\n                <\/div><\/li><li id=\"field_1_5\" class=\"gfield gfield--type-checkbox gfield--type-choice field_sublabel_below gfield--no-description field_description_below field_validation_below gfield_visibility_visible\"  ><label class='gfield_label gform-field-label gfield_label_before_complex' >Newsletter<\/label><div class='ginput_container ginput_container_checkbox'><ul class='gfield_checkbox' id='input_1_5'><li class='gchoice gchoice_1_5_1'>\n\t\t\t\t\t\t\t\t<input class='gfield-choice-input' name='input_5.1' type='checkbox'  value='Je souhaite recevoir en exclusivit\u00e9 les actualit\u00e9s et conseils pour g\u00e9rer ma carri\u00e8re'  id='choice_1_5_1'   \/>\n\t\t\t\t\t\t\t\t<label for='choice_1_5_1' id='label_1_5_1' class='gform-field-label gform-field-label--type-inline'>Je souhaite recevoir en exclusivit\u00e9 les actualit\u00e9s et conseils pour g\u00e9rer ma carri\u00e8re<\/label>\n\t\t\t\t\t\t\t<\/li><\/ul><\/div><\/li><\/ul><\/div>\n        <div class='gform-footer gform_footer top_label'> <input type='submit' id='gform_submit_button_1' class='gform_button button' onclick='gform.submission.handleButtonClick(this);' data-submission-type='submit' value='Envoyer'  \/> \n            <input type='hidden' class='gform_hidden' name='gform_submission_method' data-js='gform_submission_method_1' value='postback' \/>\n            <input type='hidden' class='gform_hidden' name='gform_theme' data-js='gform_theme_1' id='gform_theme_1' value='legacy' \/>\n            <input type='hidden' class='gform_hidden' name='gform_style_settings' data-js='gform_style_settings_1' id='gform_style_settings_1' value='[]' \/>\n            <input type='hidden' class='gform_hidden' name='is_submit_1' value='1' \/>\n            <input type='hidden' class='gform_hidden' name='gform_submit' value='1' \/>\n            \n            <input type='hidden' class='gform_hidden' name='gform_currency' data-currency='EUR' value='4+JRIYlgjZ\/2Ai3M9N6cwFTt4TpDAVYaoyb0aNq7rx4EDYBc7p+w7t+J\/cFEkRNty9dK+xaruYjZGef7O6Xokg0fdI+S\/EG1KIq6HuxCydLaB80=' \/>\n            <input type='hidden' class='gform_hidden' name='gform_unique_id' value='' \/>\n            <input type='hidden' class='gform_hidden' name='state_1' value='WyJbXSIsIjQ4ZmMyMmJlNjNiNWIwNDI1YmRmMzE0MDhkYWE3YmQwIl0=' \/>\n            <input type='hidden' autocomplete='off' class='gform_hidden' name='gform_target_page_number_1' id='gform_target_page_number_1' value='0' \/>\n            <input type='hidden' autocomplete='off' class='gform_hidden' name='gform_source_page_number_1' id='gform_source_page_number_1' value='1' \/>\n            <input type='hidden' name='gform_field_values' value='' \/>\n            \n        <\/div>\n                        <p style=\"display: none !important;\" class=\"akismet-fields-container\" data-prefix=\"ak_\"><label>&#916;<textarea name=\"ak_hp_textarea\" cols=\"45\" rows=\"8\" maxlength=\"100\"><\/textarea><\/label><input type=\"hidden\" id=\"ak_js_1\" name=\"ak_js\" value=\"49\"\/><script>document.getElementById( \"ak_js_1\" ).setAttribute( \"value\", ( new Date() ).getTime() );<\/script><\/p><\/form>\n                        <\/div><script type=\"text\/javascript\">\n\/* <![CDATA[ *\/\n gform.initializeOnLoaded( function() {gformInitSpinner( 1, 'https:\/\/www.profilmedecin.fr\/contenu\/wp-content\/plugins\/gravityforms\/images\/spinner.svg', true );jQuery('#gform_ajax_frame_1').on('load',function(){var contents = jQuery(this).contents().find('*').html();var is_postback = contents.indexOf('GF_AJAX_POSTBACK') >= 0;if(!is_postback){return;}var form_content = jQuery(this).contents().find('#gform_wrapper_1');var is_confirmation = jQuery(this).contents().find('#gform_confirmation_wrapper_1').length > 0;var is_redirect = contents.indexOf('gformRedirect(){') >= 0;var is_form = form_content.length > 0 && ! is_redirect && ! is_confirmation;var mt = parseInt(jQuery('html').css('margin-top'), 10) + parseInt(jQuery('body').css('margin-top'), 10) + 100;if(is_form){jQuery('#gform_wrapper_1').html(form_content.html());if(form_content.hasClass('gform_validation_error')){jQuery('#gform_wrapper_1').addClass('gform_validation_error');} else {jQuery('#gform_wrapper_1').removeClass('gform_validation_error');}setTimeout( function() { \/* delay the scroll by 50 milliseconds to fix a bug in chrome *\/  }, 50 );if(window['gformInitDatepicker']) {gformInitDatepicker();}if(window['gformInitPriceFields']) {gformInitPriceFields();}var current_page = jQuery('#gform_source_page_number_1').val();gformInitSpinner( 1, 'https:\/\/www.profilmedecin.fr\/contenu\/wp-content\/plugins\/gravityforms\/images\/spinner.svg', true );jQuery(document).trigger('gform_page_loaded', [1, current_page]);window['gf_submitting_1'] = false;}else if(!is_redirect){var confirmation_content = jQuery(this).contents().find('.GF_AJAX_POSTBACK').html();if(!confirmation_content){confirmation_content = contents;}jQuery('#gform_wrapper_1').replaceWith(confirmation_content);jQuery(document).trigger('gform_confirmation_loaded', [1]);window['gf_submitting_1'] = false;wp.a11y.speak(jQuery('#gform_confirmation_message_1').text());}else{jQuery('#gform_1').append(contents);if(window['gformRedirect']) {gformRedirect();}}jQuery(document).trigger(\"gform_pre_post_render\", [{ formId: \"1\", currentPage: \"current_page\", abort: function() { this.preventDefault(); } }]);        if (event && event.defaultPrevented) {                return;        }        const gformWrapperDiv = document.getElementById( \"gform_wrapper_1\" );        if ( gformWrapperDiv ) {            const visibilitySpan = document.createElement( \"span\" );            visibilitySpan.id = \"gform_visibility_test_1\";            gformWrapperDiv.insertAdjacentElement( \"afterend\", visibilitySpan );        }        const visibilityTestDiv = document.getElementById( \"gform_visibility_test_1\" );        let postRenderFired = false;        function triggerPostRender() {            if ( postRenderFired ) {                return;            }            postRenderFired = true;            gform.core.triggerPostRenderEvents( 1, current_page );            if ( visibilityTestDiv ) {                visibilityTestDiv.parentNode.removeChild( visibilityTestDiv );            }        }        function debounce( func, wait, immediate ) {            var timeout;            return function() {                var context = this, args = arguments;                var later = function() {                    timeout = null;                    if ( !immediate ) func.apply( context, args );                };                var callNow = immediate && !timeout;                clearTimeout( timeout );                timeout = setTimeout( later, wait );                if ( callNow ) func.apply( context, args );            };        }        const debouncedTriggerPostRender = debounce( function() {            triggerPostRender();        }, 200 );        if ( visibilityTestDiv && visibilityTestDiv.offsetParent === null ) {            const observer = new MutationObserver( ( mutations ) => {                mutations.forEach( ( mutation ) => {                    if ( mutation.type === 'attributes' && visibilityTestDiv.offsetParent !== null ) {                        debouncedTriggerPostRender();                        observer.disconnect();                    }                });            });            observer.observe( document.body, {                attributes: true,                childList: false,                subtree: true,                attributeFilter: [ 'style', 'class' ],            });        } else {            triggerPostRender();        }    } );} ); \n\/* ]]> *\/\n<\/script>\n\n","protected":false},"excerpt":{"rendered":"","protected":false},"author":1,"featured_media":1679,"parent":0,"menu_order":0,"comment_status":"closed","ping_status":"closed","template":"","meta":{"footnotes":""},"class_list":["post-4139","page","type-page","status-publish","has-post-thumbnail","hentry"],"yoast_head":"<!-- This site is optimized with the Yoast SEO plugin v27.3 - https:\/\/yoast.com\/product\/yoast-seo-wordpress\/ -->\n<title>V\u00e9rifiez votre r\u00e9putation en ligne | Profil M\u00e9decin<\/title>\n<meta name=\"description\" content=\"M\u00e9decins : utilisez ce formulaire pour v\u00e9rifier votre r\u00e9putation en ligne en quelques clics. Simple et gratuit !\" \/>\n<meta name=\"robots\" content=\"index, follow, max-snippet:-1, max-image-preview:large, max-video-preview:-1\" \/>\n<link rel=\"canonical\" href=\"https:\/\/www.profilmedecin.fr\/contenu\/verifiez-reputation-ligne\/\" \/>\n<meta property=\"og:locale\" content=\"fr_FR\" \/>\n<meta property=\"og:type\" content=\"article\" \/>\n<meta property=\"og:title\" content=\"V\u00e9rifiez votre r\u00e9putation en ligne | Profil M\u00e9decin\" \/>\n<meta property=\"og:description\" content=\"M\u00e9decins : utilisez ce formulaire pour v\u00e9rifier votre r\u00e9putation en ligne en quelques clics. Simple et gratuit !\" \/>\n<meta property=\"og:url\" content=\"https:\/\/www.profilmedecin.fr\/contenu\/verifiez-reputation-ligne\/\" \/>\n<meta property=\"og:site_name\" content=\"Profil M\u00e9decin\" \/>\n<meta property=\"article:modified_time\" content=\"2017-10-18T16:02:27+00:00\" \/>\n<meta property=\"og:image\" content=\"https:\/\/content.profilmedecin.fr\/wp-content\/uploads\/2016\/08\/medecin-liberal-ou-salarie\u0301.jpg\" \/>\n\t<meta property=\"og:image:width\" content=\"691\" \/>\n\t<meta property=\"og:image:height\" content=\"353\" \/>\n\t<meta property=\"og:image:type\" content=\"image\/jpeg\" \/>\n<script type=\"application\/ld+json\" class=\"yoast-schema-graph\">{\"@context\":\"https:\\\/\\\/schema.org\",\"@graph\":[{\"@type\":\"WebPage\",\"@id\":\"https:\\\/\\\/www.profilmedecin.fr\\\/contenu\\\/verifiez-reputation-ligne\\\/\",\"url\":\"https:\\\/\\\/www.profilmedecin.fr\\\/contenu\\\/verifiez-reputation-ligne\\\/\",\"name\":\"V\u00e9rifiez votre r\u00e9putation en ligne | Profil M\u00e9decin\",\"isPartOf\":{\"@id\":\"https:\\\/\\\/www.profilmedecin.fr\\\/contenu\\\/#website\"},\"primaryImageOfPage\":{\"@id\":\"https:\\\/\\\/www.profilmedecin.fr\\\/contenu\\\/verifiez-reputation-ligne\\\/#primaryimage\"},\"image\":{\"@id\":\"https:\\\/\\\/www.profilmedecin.fr\\\/contenu\\\/verifiez-reputation-ligne\\\/#primaryimage\"},\"thumbnailUrl\":\"https:\\\/\\\/content.profilmedecin.fr\\\/wp-content\\\/uploads\\\/2016\\\/08\\\/medecin-liberal-ou-salarie\u0301.jpg\",\"datePublished\":\"2017-09-29T15:07:07+00:00\",\"dateModified\":\"2017-10-18T16:02:27+00:00\",\"description\":\"M\u00e9decins : utilisez ce formulaire pour v\u00e9rifier votre r\u00e9putation en ligne en quelques clics. Simple et gratuit !\",\"breadcrumb\":{\"@id\":\"https:\\\/\\\/www.profilmedecin.fr\\\/contenu\\\/verifiez-reputation-ligne\\\/#breadcrumb\"},\"inLanguage\":\"fr-FR\",\"potentialAction\":[{\"@type\":\"ReadAction\",\"target\":[\"https:\\\/\\\/www.profilmedecin.fr\\\/contenu\\\/verifiez-reputation-ligne\\\/\"]}]},{\"@type\":\"ImageObject\",\"inLanguage\":\"fr-FR\",\"@id\":\"https:\\\/\\\/www.profilmedecin.fr\\\/contenu\\\/verifiez-reputation-ligne\\\/#primaryimage\",\"url\":\"https:\\\/\\\/content.profilmedecin.fr\\\/wp-content\\\/uploads\\\/2016\\\/08\\\/medecin-liberal-ou-salarie\u0301.jpg\",\"contentUrl\":\"https:\\\/\\\/content.profilmedecin.fr\\\/wp-content\\\/uploads\\\/2016\\\/08\\\/medecin-liberal-ou-salarie\u0301.jpg\",\"width\":691,\"height\":353,\"caption\":\"medecin liberal ou salarie\"},{\"@type\":\"BreadcrumbList\",\"@id\":\"https:\\\/\\\/www.profilmedecin.fr\\\/contenu\\\/verifiez-reputation-ligne\\\/#breadcrumb\",\"itemListElement\":[{\"@type\":\"ListItem\",\"position\":1,\"name\":\"Accueil\",\"item\":\"https:\\\/\\\/www.profilmedecin.fr\\\/contenu\\\/\"},{\"@type\":\"ListItem\",\"position\":2,\"name\":\"V\u00e9rifiez votre r\u00e9putation en ligne\"}]},{\"@type\":\"WebSite\",\"@id\":\"https:\\\/\\\/www.profilmedecin.fr\\\/contenu\\\/#website\",\"url\":\"https:\\\/\\\/www.profilmedecin.fr\\\/contenu\\\/\",\"name\":\"Profil M\u00e9decin\",\"description\":\"S\u00e9lection d&#039;opportunit\u00e9s\",\"publisher\":{\"@id\":\"https:\\\/\\\/www.profilmedecin.fr\\\/contenu\\\/#organization\"},\"potentialAction\":[{\"@type\":\"SearchAction\",\"target\":{\"@type\":\"EntryPoint\",\"urlTemplate\":\"https:\\\/\\\/www.profilmedecin.fr\\\/contenu\\\/?s={search_term_string}\"},\"query-input\":{\"@type\":\"PropertyValueSpecification\",\"valueRequired\":true,\"valueName\":\"search_term_string\"}}],\"inLanguage\":\"fr-FR\"},{\"@type\":\"Organization\",\"@id\":\"https:\\\/\\\/www.profilmedecin.fr\\\/contenu\\\/#organization\",\"name\":\"Profil M\u00e9decin\",\"url\":\"https:\\\/\\\/www.profilmedecin.fr\\\/contenu\\\/\",\"logo\":{\"@type\":\"ImageObject\",\"inLanguage\":\"fr-FR\",\"@id\":\"https:\\\/\\\/www.profilmedecin.fr\\\/contenu\\\/#\\\/schema\\\/logo\\\/image\\\/\",\"url\":\"https:\\\/\\\/content.profilmedecin.fr\\\/wp-content\\\/uploads\\\/2019\\\/11\\\/logo-profil-medecin.png\",\"contentUrl\":\"https:\\\/\\\/content.profilmedecin.fr\\\/wp-content\\\/uploads\\\/2019\\\/11\\\/logo-profil-medecin.png\",\"width\":325,\"height\":95,\"caption\":\"Profil M\u00e9decin\"},\"image\":{\"@id\":\"https:\\\/\\\/www.profilmedecin.fr\\\/contenu\\\/#\\\/schema\\\/logo\\\/image\\\/\"}}]}<\/script>\n<!-- \/ Yoast SEO plugin. -->","yoast_head_json":{"title":"V\u00e9rifiez votre r\u00e9putation en ligne | Profil M\u00e9decin","description":"M\u00e9decins : utilisez ce formulaire pour v\u00e9rifier votre r\u00e9putation en ligne en quelques clics. Simple et gratuit !","robots":{"index":"index","follow":"follow","max-snippet":"max-snippet:-1","max-image-preview":"max-image-preview:large","max-video-preview":"max-video-preview:-1"},"canonical":"https:\/\/www.profilmedecin.fr\/contenu\/verifiez-reputation-ligne\/","og_locale":"fr_FR","og_type":"article","og_title":"V\u00e9rifiez votre r\u00e9putation en ligne | Profil M\u00e9decin","og_description":"M\u00e9decins : utilisez ce formulaire pour v\u00e9rifier votre r\u00e9putation en ligne en quelques clics. Simple et gratuit !","og_url":"https:\/\/www.profilmedecin.fr\/contenu\/verifiez-reputation-ligne\/","og_site_name":"Profil M\u00e9decin","article_modified_time":"2017-10-18T16:02:27+00:00","og_image":[{"width":691,"height":353,"url":"https:\/\/content.profilmedecin.fr\/wp-content\/uploads\/2016\/08\/medecin-liberal-ou-salarie\u0301.jpg","type":"image\/jpeg"}],"schema":{"@context":"https:\/\/schema.org","@graph":[{"@type":"WebPage","@id":"https:\/\/www.profilmedecin.fr\/contenu\/verifiez-reputation-ligne\/","url":"https:\/\/www.profilmedecin.fr\/contenu\/verifiez-reputation-ligne\/","name":"V\u00e9rifiez votre r\u00e9putation en ligne | Profil M\u00e9decin","isPartOf":{"@id":"https:\/\/www.profilmedecin.fr\/contenu\/#website"},"primaryImageOfPage":{"@id":"https:\/\/www.profilmedecin.fr\/contenu\/verifiez-reputation-ligne\/#primaryimage"},"image":{"@id":"https:\/\/www.profilmedecin.fr\/contenu\/verifiez-reputation-ligne\/#primaryimage"},"thumbnailUrl":"https:\/\/content.profilmedecin.fr\/wp-content\/uploads\/2016\/08\/medecin-liberal-ou-salarie\u0301.jpg","datePublished":"2017-09-29T15:07:07+00:00","dateModified":"2017-10-18T16:02:27+00:00","description":"M\u00e9decins : utilisez ce formulaire pour v\u00e9rifier votre r\u00e9putation en ligne en quelques clics. Simple et gratuit !","breadcrumb":{"@id":"https:\/\/www.profilmedecin.fr\/contenu\/verifiez-reputation-ligne\/#breadcrumb"},"inLanguage":"fr-FR","potentialAction":[{"@type":"ReadAction","target":["https:\/\/www.profilmedecin.fr\/contenu\/verifiez-reputation-ligne\/"]}]},{"@type":"ImageObject","inLanguage":"fr-FR","@id":"https:\/\/www.profilmedecin.fr\/contenu\/verifiez-reputation-ligne\/#primaryimage","url":"https:\/\/content.profilmedecin.fr\/wp-content\/uploads\/2016\/08\/medecin-liberal-ou-salarie\u0301.jpg","contentUrl":"https:\/\/content.profilmedecin.fr\/wp-content\/uploads\/2016\/08\/medecin-liberal-ou-salarie\u0301.jpg","width":691,"height":353,"caption":"medecin liberal ou salarie"},{"@type":"BreadcrumbList","@id":"https:\/\/www.profilmedecin.fr\/contenu\/verifiez-reputation-ligne\/#breadcrumb","itemListElement":[{"@type":"ListItem","position":1,"name":"Accueil","item":"https:\/\/www.profilmedecin.fr\/contenu\/"},{"@type":"ListItem","position":2,"name":"V\u00e9rifiez votre r\u00e9putation en ligne"}]},{"@type":"WebSite","@id":"https:\/\/www.profilmedecin.fr\/contenu\/#website","url":"https:\/\/www.profilmedecin.fr\/contenu\/","name":"Profil M\u00e9decin","description":"S\u00e9lection d&#039;opportunit\u00e9s","publisher":{"@id":"https:\/\/www.profilmedecin.fr\/contenu\/#organization"},"potentialAction":[{"@type":"SearchAction","target":{"@type":"EntryPoint","urlTemplate":"https:\/\/www.profilmedecin.fr\/contenu\/?s={search_term_string}"},"query-input":{"@type":"PropertyValueSpecification","valueRequired":true,"valueName":"search_term_string"}}],"inLanguage":"fr-FR"},{"@type":"Organization","@id":"https:\/\/www.profilmedecin.fr\/contenu\/#organization","name":"Profil M\u00e9decin","url":"https:\/\/www.profilmedecin.fr\/contenu\/","logo":{"@type":"ImageObject","inLanguage":"fr-FR","@id":"https:\/\/www.profilmedecin.fr\/contenu\/#\/schema\/logo\/image\/","url":"https:\/\/content.profilmedecin.fr\/wp-content\/uploads\/2019\/11\/logo-profil-medecin.png","contentUrl":"https:\/\/content.profilmedecin.fr\/wp-content\/uploads\/2019\/11\/logo-profil-medecin.png","width":325,"height":95,"caption":"Profil M\u00e9decin"},"image":{"@id":"https:\/\/www.profilmedecin.fr\/contenu\/#\/schema\/logo\/image\/"}}]}},"_links":{"self":[{"href":"https:\/\/www.profilmedecin.fr\/contenu\/wp-json\/wp\/v2\/pages\/4139","targetHints":{"allow":["GET"]}}],"collection":[{"href":"https:\/\/www.profilmedecin.fr\/contenu\/wp-json\/wp\/v2\/pages"}],"about":[{"href":"https:\/\/www.profilmedecin.fr\/contenu\/wp-json\/wp\/v2\/types\/page"}],"author":[{"embeddable":true,"href":"https:\/\/www.profilmedecin.fr\/contenu\/wp-json\/wp\/v2\/users\/1"}],"replies":[{"embeddable":true,"href":"https:\/\/www.profilmedecin.fr\/contenu\/wp-json\/wp\/v2\/comments?post=4139"}],"version-history":[{"count":1,"href":"https:\/\/www.profilmedecin.fr\/contenu\/wp-json\/wp\/v2\/pages\/4139\/revisions"}],"predecessor-version":[{"id":4140,"href":"https:\/\/www.profilmedecin.fr\/contenu\/wp-json\/wp\/v2\/pages\/4139\/revisions\/4140"}],"wp:featuredmedia":[{"embeddable":true,"href":"https:\/\/www.profilmedecin.fr\/contenu\/wp-json\/wp\/v2\/media\/1679"}],"wp:attachment":[{"href":"https:\/\/www.profilmedecin.fr\/contenu\/wp-json\/wp\/v2\/media?parent=4139"}],"curies":[{"name":"wp","href":"https:\/\/api.w.org\/{rel}","templated":true}]}}